642314 a prime number?
False
Is 2795603 prime?
False
Is 9286891 prime?
False
Is 2417117 a prime number?
True
Is 37677109 a prime number?
True
Is 2620723 a prime number?
False
Is 15302563 a composite number?
False
Is 1787699 a composite number?
False
Is 48447479 composite?
True
Is 2048797 a composite number?
False
Is 231934141 a prime number?
False
Is 122022289 composite?
True
Is 2593607 prime?
True
Is 27273419 composite?
False
Is 2703178 a composite number?
True
Is 7154911 prime?
True
Is 44225507 a composite number?
True
Is 461540137 a composite number?
False
Is 14895691 composite?
False
Is 83434469 a composite number?
True
Is 247509277 a composite number?
False
Is 32273203 a prime number?
True
Is 53377117 a composite number?
False
Is 47339837 a composite number?
False
Is 84313261 a prime number?
False
Is 41627071 a prime number?
False
Is 1918669 prime?
False
Is 3640781 composite?
False
Is 221269 composite?
True
Is 378141433 a composite number?
False
Is 1074329 composite?
False
Is 8945411 a prime number?
False
Is 680010571 a composite number?
True
Is 74246657 composite?
False
Is 2591053 a composite number?
False
Is 81970783 composite?
False
Is 10272473 a composite number?
False
Is 2855629 composite?
True
Is 2541089 composite?
False
Is 72448709 a prime number?
False
Is 145661903 composite?
False
Is 6557203 a prime number?
True
Is 40575985 a prime number?
False
Is 128774879 composite?
True
Is 3716893 composite?
True
Is 175047049 composite?
True
Is 1014593 composite?
False
Is 193500857 a prime number?
False
Is 395671 a composite number?
False
Is 4986721 a prime number?
False
Is 3258719 composite?
False
Is 3056237 a composite number?
True
Is 25095193 a composite number?
False
Is 779641 prime?
False
Is 430720351 a prime number?
True
Is 43269517 prime?
False
Is 52512053 a prime number?
False
Is 19063339 composite?
True
Is 41386289 a prime number?
False
Is 25462049 composite?
False
Is 457410341 prime?
False
Is 234571 prime?
True
Is 18585319 prime?
False
Is 7168087 a prime number?
False
Is 1215743 a composite number?
False
Is 3241727 composite?
True
Is 35124611 a composite number?
True
Is 1970029 composite?
False
Is 30084211 a prime number?
False
Is 36520933 composite?
True
Is 4377167 composite?
False
Is 2957917 a prime number?
True
Is 5381951 a prime number?
True
Is 908675977 a prime number?
False
Is 178955389 prime?
True
Is 38023927 a prime number?
False
Is 142292795 a composite number?
True
Is 12173017 composite?
True
Is 70431737 prime?
False
Is 2506909 a composite number?
False
Is 22737881 composite?
True
Is 112412183 composite?
True
Is 295881409 a prime number?
False
Is 1004161 a composite number?
False
Is 13369645 a composite number?
True
Is 7606271 composite?
False
Is 50689285 composite?
True
Is 2819659 prime?
False
Is 9621413 a composite number?
False
Is 4840049 prime?
True
Is 77437001 a prime number?
True
Is 2190322 composite?
True
Is 749891 prime?
True
Is 26690749 a composite number?
True
Is 1613279 composite?
False
Is 1728896899 prime?
True
Is 35810051 composite?
False
Is 14039299 composite?
False
Is 20596663 prime?
True
Is 4635797 a prime number?
False
Is 818267 prime?
False
Is 129277987 composite?
False
Is 63604991 prime?
False
Is 52681237 a prime number?
False
Is 43721707 a composite number?
False
Is 23954449 a composite number?
False
Is 1400429 a prime number?
False
Is 254186099 composite?
True
Is 5348431 prime?
False
Is 43215943 a composite number?
False
Is 18988111 a prime number?
True
Is 11371027 composite?
False
Is 750731199 a prime number?
False
Is 2756627 composite?
False
Is 6646489 a composite number?
True
Is 841375243 prime?
False
Is 5419649 composite?
True
Is 2948755 composite?
True
Is 20171113 composite?
True
Is 337172983 composite?
True
Is 2850037 a prime number?
True
Is 11287883 a composite number?
False
Is 9754207 prime?
True
Is 1509861 a prime number?
False
Is 18761241 composite?
True
Is 7086319 a prime number?
True
Is 42302311 prime?
True
Is 2190131 composite?
False
Is 10617427 a prime number?
False
Is 13500983 a prime number?
True
Is 10724047 composite?
True
Is 2623417 a composite number?
True
Is 2077193 prime?
False
Is 9448067 composite?
False
Is 279947231 a composite number?
False
Is 38101187 a prime number?
True
Is 4399457 composite?
False
Is 4078543 composite?
True
Is 6257557 prime?
True
Is 619537 prime?
True
Is 41454937 a composite number?
False
Is 878467 prime?
True
Is 21454973 composite?
False
Is 150558427 composite?
False
Is 55461865 prime?
False
Is 92405 composite?
True
Is 148006567 prime?
True
Is 24133229 prime?
True
Is 930803 a composite number?
True
Is 33792059 a prime number?
False
Is 924249437 a composite number?
True
Is 1977917 prime?
True
Is 102545951 composite?
False
Is 10468417 prime?
True
Is 2462041 a composite number?
False
Is 548309 prime?
True
Is 57149933 prime?
True
Is 765553 a prime number?
False
Is 174443587 prime?
True
Is 500343 a prime number?
False
Is 53704579 a prime number?
True
Is 19527509 a prime number?
False
Is 810913 a prime number?
True
Is 18810331 a prime number?
True
Is 13514621 a prime number?
True
Is 302399 prime?
True
Is 79736717 composite?
False
Is 103093961 composite?
False
Is 2023891 a composite number?
False
Is 2950397 prime?
False
Is 57043333 composite?
True
Is 16872263 a composite number?
False
Is 38706053 a composite number?
True
Is 178285169 composite?
False
Is 182956577 a composite number?
False
Is 23851171 prime?
True
Is 64082509 prime?
False
Is 38163767 prime?
True
Is 10958083 a prime number?
False
Is 1532183 composite?
False
Is 228404711 composite?
False
Is 2002289 prime?
True
Is 164717983 a composite number?
False
Is 328439 composite?
False
Is 3277711 a composite number?
True
Is 36436507 prime?
True
Is 2439719 composite?
False
Is 1441751 prime?
True
Is 9587789 composite?
False
Is 3130861 composite?
True
Is 428833 a prime number?
True
Is 565867 a composite number?
False
Is 182002973 a composite number?
False
Is 21385613 a composite number?
True
Is 1882997 prime?
True
Is 530308367 a prime number?
True
Is 8126251 composite?
True
Is 10709151 composite?
True
Is 155890811 a composite number?
False
Is 138748559 composite?
True
Is 23982337 a composite number?
False
Is 835451 prime?
True
Is 23304097 composite?
False
Is 4657234 a prime number?
False
Is 5615381 a composite number?
True
Is 16047938 prime?
False
Is 1506457 prime?
True
Is 73974347 composite?
False
Is 47294161 a prime number?
False
Is 155179 a composite number?
True
Is 4973033 prime?
False
Is 6348647 a composite number?
False
Is 72032959 composite?
True
Is 135651533 a composite number?
False
Is 3839677 composite?
False
Is 36923051 a composite number?
True
Is 11048467 a prime number?
True
Is 8113307 prime?
True
Is 3476651 a composite number?
False
Is 19019383 a composite number?
False
Is 13971247 prime?
True
Is 62993221 a prime number?
False
Is 1020743 a prime number?
True
Is 27283549 a composite number?
False
Is 106460111 prime?
True
Is 710327 composite?
False
Is 127481 a composite number?
False
Is 35693261 a prime number?
True
Is 124296569 prime?
True
Is 12973781 a composite number?
False
Is 2475253 a prime number?
False
Is 192665989 prime?
True
Is 3704777 prime?
False
Is 1774159 a prime number?
True
Is 18674089 a prime number?
False
Is 395189 prime?
True
Is 2825639 a composite number?
False
Is 94085779 a composite number?
True
Is 140479019 a composite number?
False
Is 10337989 a prime number?
False
Is 208595 a composite number?
True
Is 99793523 prime?
True
Is 25350323 prime?
True
Is 32128561 prime?
True
Is 760583899 composite?
True
Is 239678 a composite number?
True
Is 2583947 prime?
True
Is 330055613 composite?
False
Is 8935063 prime?
False
Is 10941401 composite?
False
Is 267555361 a composite number?
False
Is 31653317 prime?
True
Is 9480091 prime?
True
Is 6160457 prime?
False
Is 350841571 composite?
False
Is 10063171 a composite number?
False
Is 22685989 prime?
True
Is 1798113 composite?
True
Is 4038707 prime?
False
Is 43295461 a composite number?
True
Is 6227537 a composite number?
False
Is 750229 a prime number?
True
Is 83807 composite?
True
Is 22046107 a composite number?
False
Is 43207517 prime?
True
Is 1152023 composite?
False
Is 112778609 prime?
True
Is 2418577 a prime number?
False
Is 191717 prime?
T